{"id":33,"date":"2024-03-31T00:19:29","date_gmt":"2024-03-30T23:19:29","guid":{"rendered":"https:\/\/www.the-hunt-larp.be\/?page_id=33"},"modified":"2024-04-24T19:47:49","modified_gmt":"2024-04-24T17:47:49","slug":"accueil","status":"publish","type":"page","link":"https:\/\/www.the-hunt-larp.be\/","title":{"rendered":"ACCUEIL"},"content":{"rendered":"\n<p class=\" eplus-wrapper\">Temps restant avant le d\u00e9but des jeux<\/p>\n\n\n\n<div class=\"wp-block-stackable-countdown stk-block-countdown stk-block stk-ee77350 stk-block-background\" data-stk-countdown-date=\"2024-11-09T08:00\" data-stk-countdown-duration=\"\" data-stk-countdown-restart-interval=\"\" data-stk-countdown-type=\"dueDate\" data-stk-countdown-action=\"\" data-stk-countdown-timezone=\"\" data-stk-countdown-is-double-digit=\"true\" data-v=\"2\" data-block-id=\"ee77350\"><div class=\"stk-block-countdown__container\"><style>.stk-ee77350 .stk-block-countdown__divider-line{background-color:#000000 !important}.stk-ee77350{background-color:#7c2e14 !important;margin-bottom:0px !important}.stk-ee77350:before{background-color:#7c2e14 !important}.stk-ee77350 .stk-block-countdown__digit{color:#ffffff !important}.stk-ee77350.stk-block-countdown .stk-block-countdown__container{gap:5px !important}.stk-ee77350 .stk-block-countdown__label{margin-top:0px !important}<\/style><div class=\"stk-block-countdown__content-container stk-container stk-ee77350-container stk--no-background stk--no-padding\"><div class=\"stk-block-countdown__container-wrapper\"><div class=\"stk-block-countdown__digit stk-block-countdown__digit-day has-text-color\"><\/div><p class=\"stk-block-countdown__label-day stk-block-countdown__label\">Days<\/p><\/div><\/div><div class=\"stk-block-countdown__divider-wrapper\"><div class=\"stk-block-countdown__divider-line\"><\/div><\/div><div class=\"stk-block-countdown__content-container stk-container stk-ee77350-container stk--no-background stk--no-padding\"><div class=\"stk-block-countdown__container-wrapper\"><div class=\"stk-block-countdown__digit stk-block-countdown__digit-hour has-text-color\"><\/div><p class=\"stk-block-countdown__label-hour stk-block-countdown__label\">Hours<\/p><\/div><\/div><div class=\"stk-block-countdown__divider-wrapper\"><div class=\"stk-block-countdown__divider-line\"><\/div><\/div><div class=\"stk-block-countdown__content-container stk-container stk-ee77350-container stk--no-background stk--no-padding\"><div class=\"stk-block-countdown__container-wrapper\"><div class=\"stk-block-countdown__digit stk-block-countdown__digit-minute has-text-color\"><\/div><p class=\"stk-block-countdown__label-minute stk-block-countdown__label\">Minutes<\/p><\/div><\/div><div class=\"stk-block-countdown__divider-wrapper\"><div class=\"stk-block-countdown__divider-line\"><\/div><\/div><div class=\"stk-block-countdown__content-container stk-container stk-ee77350-container stk--no-background stk--no-padding\"><div class=\"stk-block-countdown__container-wrapper\"><div class=\"stk-block-countdown__digit stk-block-countdown__digit-second has-text-color\"><\/div><p class=\"stk-block-countdown__label-second stk-block-countdown__label\">Seconds<\/p><\/div><\/div><\/div><\/div>\n\n\n<div class=\" wp-block-columns eplus-wrapper is-layout-flex wp-container-core-columns-is-layout-1 wp-block-columns-is-layout-flex eplus-styles-uid-e64cc0\" style=\"margin-top:0;margin-bottom:0;padding-top:0;padding-right:0;padding-bottom:0;padding-left:0\">\n<div class=\" wp-block-column is-vertically-aligned-center eplus-wrapper is-content-justification-left is-layout-constrained wp-container-core-column-is-layout-1 wp-block-column-is-layout-constrained\" style=\"padding-top:0;padding-right:0;padding-bottom:0;padding-left:0;flex-basis:714px\">\n<div class=\" wp-block-group eplus-wrapper is-vertical is-content-justification-center is-layout-flex wp-container-core-group-is-layout-1 wp-block-group-is-layout-flex\">\n<p class=\" has-text-align-left has-text-color eplus-wrapper\" style=\"color:#555555;font-size:20px;font-style:normal;font-weight:400;letter-spacing:0.3em\">THE HUNT<\/p>\n\n\n\n<figure class=\" wp-block-image size-full is-resized eplus-wrapper\"><img loading=\"lazy\" decoding=\"async\" width=\"661\" height=\"707\" src=\"https:\/\/www.the-hunt-larp.be\/wp-content\/uploads\/2024\/03\/TheHunt_LogoTextured-2.png\" alt=\"\" class=\"wp-image-60\" style=\"width:294px;height:auto\" srcset=\"https:\/\/www.the-hunt-larp.be\/wp-content\/uploads\/2024\/03\/TheHunt_LogoTextured-2.png 661w, https:\/\/www.the-hunt-larp.be\/wp-content\/uploads\/2024\/03\/TheHunt_LogoTextured-2-280x300.png 280w\" sizes=\"(max-width: 661px) 100vw, 661px\" \/><\/figure><p class=\" eplus-wrapper\"><\/p>\n\n\n\n<p class=\" has-text-align-left has-text-color eplus-wrapper\" style=\"color:#555555;font-size:20px;font-style:normal;font-weight:400\"><strong>The Hunt <\/strong>est un jeu inspir\u00e9 d\u2019univers de romans tels que Battle royal et Hunger games<\/p>\n<\/div>\n\n\n\n<div class=\" wp-block-buttons has-custom-font-size eplus-wrapper is-content-justification-left is-layout-flex wp-container-core-buttons-is-layout-1 wp-block-buttons-is-layout-flex\" style=\"font-size:16px;font-style:normal;font-weight:500\"><div class=\"is-style-outline wp-block-button has-custom-width wp-block-button__width-100 eplus-wrapper eplus-styles-uid-326af2\"><a class=\"wp-block-button__link wp-element-button\" href=\"https:\/\/www.the-hunt-larp.be\/?page_id=53\" style=\"border-radius:8px\">En savoir plus<\/a><\/div><\/div>\n<\/div>\n\n\n\n<div class=\" wp-block-column is-vertically-aligned-top eplus-wrapper is-layout-constrained wp-block-column-is-layout-constrained\" style=\"padding-top:0;padding-right:0;padding-bottom:0;padding-left:0;flex-basis:502px\">\n<div class=\" wp-block-group has-text-color eplus-wrapper is-vertical is-layout-flex wp-container-core-group-is-layout-2 wp-block-group-is-layout-flex\" style=\"border-left-width:1px;color:#555555;padding-top:24px;padding-right:24px;padding-bottom:24px;padding-left:24px\">\n<p class=\" has-text-color eplus-wrapper\" style=\"color:#555555;font-size:18px;font-style:normal;font-weight:400\">La plan\u00e8te a \u00e9t\u00e9 transfigur\u00e9e \u00e0 la suite de changements climatiques extr\u00eames qui l\u2019ont rendue inhospitali\u00e8re. Apr\u00e8s des d\u00e9cennies d&rsquo;errance en ces terres hostiles, les peuples se sont rassembl\u00e9s en m\u00e9ga-cit\u00e9s avec un objectif commun : reconstruire un semblant de civilisation.\u00a0<br>Rassemblant tous les potentiels techniques, scientifiques et culturels, les peuples de l\u2019ancienne Europe furent s\u00e9par\u00e9s en secteurs pour pouvoir accomplir au mieux leur fonction au sein de ce nouvel organisme.\u00a0<br>D\u2019autre part, un mur titanesque couvert d\u2019un d\u00f4me \u00e0 la pointe de la technologie prot\u00e8ge l\u2019ensemble de ces territoires.<\/p>\n<\/div>\n<\/div>\n<\/div>\n\n\n<hr class=\" wp-block-separator has-alpha-channel-opacity eplus-wrapper\"\/>\n\n\n<div class=\" wp-block-columns alignwide are-vertically-aligned-center eplus-wrapper is-layout-flex wp-container-core-columns-is-layout-2 wp-block-columns-is-layout-flex eplus-styles-uid-72d30d\" style=\"margin-top:0;margin-bottom:0;padding-top:0;padding-right:0;padding-bottom:0;padding-left:0\">\n<div class=\" wp-block-column is-vertically-aligned-center eplus-wrapper is-layout-flow wp-block-column-is-layout-flow\" style=\"padding-top:0;padding-right:0;padding-bottom:0;padding-left:0;flex-basis:1850px\">\n<p class=\" has-text-align-center has-contrast-color has-text-color has-x-large-font-size eplus-wrapper\" style=\"font-style:normal;font-weight:700;line-height:1.2\">Rejoignez l&rsquo;aventure de THE HUNT<\/p>\n\n\n\n<p class=\" has-text-align-center has-text-color eplus-wrapper\" style=\"color:#666666;font-size:18px;font-style:normal;font-weight:400;line-height:1.5\">Une exp\u00e9rience riche dans un monde distopique \u00e0 vivre durant un weekend<\/p>\n\n\n\n<div class=\" wp-block-buttons eplus-wrapper is-horizontal is-content-justification-left is-layout-flex wp-container-core-buttons-is-layout-2 wp-block-buttons-is-layout-flex\"><div class=\"is-style-outline wp-block-button has-custom-width wp-block-button__width-100 has-custom-font-size eplus-wrapper eplus-styles-uid-45148c\" style=\"font-size:16px;font-style:normal;font-weight:500\"><a class=\"wp-block-button__link has-white-color has-black-background-color has-text-color has-background wp-element-button\" href=\"https:\/\/www.the-hunt-larp.be\/?page_id=30\" style=\"border-radius:3px\">M&rsquo;inscrire<\/a><\/div><\/div>\n<\/div>\n<\/div>\n\n\n<hr class=\" wp-block-separator has-alpha-channel-opacity eplus-wrapper\"\/>\n\n\n<div class=\" wp-block-buttons eplus-wrapper is-horizontal is-content-justification-center is-layout-flex wp-container-core-buttons-is-layout-3 wp-block-buttons-is-layout-flex eplus-styles-uid-f4f0aa\"><div class=\" wp-block-button has-custom-width wp-block-button__width-100 eplus-wrapper eplus-styles-uid-c0e8bf\"><a class=\"wp-block-button__link wp-element-button\" href=\"https:\/\/forms.gle\/LAipQNUYc8kk6K8r9\" target=\"_blank\" rel=\"noreferrer noopener\">Formulaire d&rsquo;inscription<\/a><\/div>\n\n<div class=\" wp-block-button has-custom-width wp-block-button__width-100 eplus-wrapper eplus-styles-uid-ccd0ed\"><a class=\"wp-block-button__link wp-element-button\" href=\"https:\/\/www.billetweb.fr\/the-hunt-1er-opus\" target=\"_blank\" rel=\"noreferrer noopener\">Billeterie de l\u2019\u00e9v\u00e9nement<\/a><\/div>\n\n<div class=\" wp-block-button has-custom-width wp-block-button__width-100 eplus-wrapper eplus-styles-uid-e18c51\"><a class=\"wp-block-button__link wp-element-button\" href=\"https:\/\/drive.google.com\/file\/d\/1UAkespK4jM6VHOQtBDXzu3ClP0vkEwvF\/view?usp=drive_link\" target=\"_blank\" rel=\"noreferrer noopener\">Note d&rsquo;intention<\/a><\/div>\n\n<div class=\" wp-block-button has-custom-width wp-block-button__width-100 eplus-wrapper eplus-styles-uid-a569e1\"><a class=\"wp-block-button__link wp-element-button\" href=\"https:\/\/drive.google.com\/file\/d\/17vLarMxmLXUBgH9djq9V9V9t48ByJ8tb\/view?usp=drive_link\" target=\"_blank\" rel=\"noreferrer noopener\">Note d&rsquo;intention univers<\/a><\/div>\n\n<div class=\" wp-block-button has-custom-width wp-block-button__width-100 eplus-wrapper eplus-styles-uid-ea8f4b\"><a class=\"wp-block-button__link wp-element-button\" href=\"https:\/\/www.pinterest.com\/bloodthree\/thehunt\/\" target=\"_blank\" rel=\"noreferrer noopener\">Pinterest d&rsquo;inspiration univers et costumes<\/a><\/div><\/div>","protected":false},"excerpt":{"rendered":"<p>Temps restant avant le d\u00e9but des jeux Days Hours Minutes Seconds THE HUNT The Hunt est un jeu inspir\u00e9 d\u2019univers de romans tels que Battle royal et Hunger games La plan\u00e8te a \u00e9t\u00e9 transfigur\u00e9e \u00e0 la suite de changements climatiques extr\u00eames qui l\u2019ont rendue inhospitali\u00e8re. Apr\u00e8s des d\u00e9cennies d&rsquo;errance en ces terres hostiles, les peuples<\/p><\/div>\n<div class=\"blog-btn\"><a href=\"https:\/\/www.the-hunt-larp.be\/\" class=\"home-blog-btn\">Read More<\/a><\/p>\n","protected":false},"author":1,"featured_media":0,"parent":0,"menu_order":0,"comment_status":"closed","ping_status":"closed","template":"","meta":{"editor_plus_copied_stylings":"{}","footnotes":""},"featured_image_urls":{"full":"","thumbnail":"","medium":"","medium_large":"","large":"","1536x1536":"","2048x2048":""},"post_excerpt_stackable":"<p>Temps restant avant le d\u00e9but des jeux DaysHoursMinutesSeconds THE HUNT The Hunt est un jeu inspir\u00e9 d\u2019univers de romans tels que Battle royal et Hunger games En savoir plus La plan\u00e8te a \u00e9t\u00e9 transfigur\u00e9e \u00e0 la suite de changements climatiques extr\u00eames qui l\u2019ont rendue inhospitali\u00e8re. Apr\u00e8s des d\u00e9cennies d&rsquo;errance en ces terres hostiles, les peuples se sont rassembl\u00e9s en m\u00e9ga-cit\u00e9s avec un objectif commun : reconstruire un semblant de civilisation.\u00a0Rassemblant tous les potentiels techniques, scientifiques et culturels, les peuples de l\u2019ancienne Europe furent s\u00e9par\u00e9s en secteurs pour pouvoir accomplir au mieux leur fonction au sein de ce nouvel organisme.\u00a0D\u2019autre part,&hellip;<\/p>\n","category_list":"","author_info":{"name":"Admin","url":"https:\/\/www.the-hunt-larp.be\/?author=1"},"comments_num":"0 comments","_links":{"self":[{"href":"https:\/\/www.the-hunt-larp.be\/index.php?rest_route=\/wp\/v2\/pages\/33"}],"collection":[{"href":"https:\/\/www.the-hunt-larp.be\/index.php?rest_route=\/wp\/v2\/pages"}],"about":[{"href":"https:\/\/www.the-hunt-larp.be\/index.php?rest_route=\/wp\/v2\/types\/page"}],"author":[{"embeddable":true,"href":"https:\/\/www.the-hunt-larp.be\/index.php?rest_route=\/wp\/v2\/users\/1"}],"replies":[{"embeddable":true,"href":"https:\/\/www.the-hunt-larp.be\/index.php?rest_route=%2Fwp%2Fv2%2Fcomments&post=33"}],"version-history":[{"count":47,"href":"https:\/\/www.the-hunt-larp.be\/index.php?rest_route=\/wp\/v2\/pages\/33\/revisions"}],"predecessor-version":[{"id":144,"href":"https:\/\/www.the-hunt-larp.be\/index.php?rest_route=\/wp\/v2\/pages\/33\/revisions\/144"}],"wp:attachment":[{"href":"https:\/\/www.the-hunt-larp.be\/index.php?rest_route=%2Fwp%2Fv2%2Fmedia&parent=33"}],"curies":[{"name":"wp","href":"https:\/\/api.w.org\/{rel}","templated":true}]}}